ivided by 7?
5
Calculate the remainder when 11961 is divided by 352.
345
Calculate the remainder when 159661 is divided by 823.
822
Calculate the remainder when 1996 is divided by 3.
1
Calculate the remainder when 1495 is divided by 189.
172
Calculate the remainder when 94075 is divided by 480.
475
What is the remainder when 9733 is divided by 35?
3
Calculate the remainder when 2205 is divided by 32.
29
Calculate the remainder when 90157 is divided by 196.
193
Calculate the remainder when 1210003 is divided by 1853.
1847
What is the remainder when 855007 is divided by 172?
167
Calculate the remainder when 12405 is divided by 946.
107
Calculate the remainder when 68354 is divided by 888.
866
Calculate the remainder when 30901 is divided by 224.
213
Calculate the remainder when 137267 is divided by 63.
53
What is the remainder when 42640 is divided by 5304?
208
Calculate the remainder when 292557 is divided by 345.
342
Calculate the remainder when 86757 is divided by 10.
7
Calculate the remainder when 153417 is divided by 2600.
17
What is the remainder when 531246 is divided by 46?
38
What is the remainder when 15048 is divided by 142?
138
What is the remainder when 2874 is divided by 1410?
54
What is the remainder when 28692 is divided by 33?
15
What is the remainder when 4123 is divided by 1023?
31
What is the remainder when 98584 is divided by 795?
4
What is the remainder when 235471 is divided by 28?
19
Calculate the remainder when 199 is divided by 89.
21
Calculate the remainder when 8641 is divided by 1193.
290
Calculate the remainder when 1356 is divided by 1331.
25
Calculate the remainder when 109599 is divided by 403.
386
What is the remainder when 16387 is divided by 88?
19
What is the remainder when 23311 is divided by 7444?
979
Calculate the remainder when 2263 is divided by 1085.
93
Calculate the remainder when 81137 is divided by 483.
476
Calculate the remainder when 27333 is divided by 279.
270
Calculate the remainder when 19844 is divided by 128.
4
What is the remainder when 5406697 is divided by 100?
97
Calculate the remainder when 35748 is divided by 26.
24
What is the remainder when 9752 is divided by 9697?
55
What is the remainder when 361 is divided by 313?
48
What is the remainder when 1272 is divided by 34?
14
What is the remainder when 2024 is divided by 501?
20
Calculate the remainder when 4188061 is divided by 232.
229
Calculate the remainder when 5046 is divided by 57.
30
What is the remainder when 32060 is divided by 142?
110
What is the remainder when 8748 is divided by 326?
272
Calculate the remainder when 15057 is divided by 86.
7
What is the remainder when 23214 is divided by 2320?
14
Calculate the remainder when 178 is divided by 38.
26
What is the remainder when 1100 is divided by 59?
38
What is the remainder when 14457 is divided by 96?
57
What is the remainder when 1000103 is divided by 255?
248
Calculate the remainder when 7330 is divided by 801.
121
What is the remainder when 31410 is divided by 91?
15
Calculate the remainder when 10033 is divided by 1669.
19
What is the remainder when 104759 is divided by 6?
5
Calculate the remainder when 53858 is divided by 53854.
4
Calculate the remainder when 182303 is divided by 541.
527
What is the remainder when 4147 is divided by 13?
0
Calculate the remainder when 8240 is divided by 249.
23
What is the remainder when 4468 is divided by 3342?
1126
What is the remainder when 21502 is divided by 976?
30
What is the remainder when 226 is divided by 95?
36
Calculate the remainder when 21049 is divided by 19.
16
Calculate the remainder when 1378 is divided by 114.
10
Calculate the remainder when 8247 is divided by 142.
11
What is the remainder when 17323 is divided by 619?
610
What is the remainder when 57767 is divided by 8?
7
Calculate the remainder when 546471 is divided by 116.
111
What is the remainder when 103320 is divided by 11?
8
Calculate the remainder when 22669 is divided by 667.
658
Calculate the remainder when 24994 is divided by 176.
2
Calculate the remainder when 560 is divided by 100.
60
What is the remainder when 275 is divided by 86?
17
What is the remainder when 1632 is divided by 232?
8
What is the remainder when 3759 is divided by 3751?
8
What is the remainder when 23878 is divided by 45?
28
Calculate the remainder when 46384 is divided by 1104.
16
What is the remainder when 3535 is divided by 728?
623
Calculate the remainder when 25451 is divided by 98.
69
Calculate the remainder when 15734 is divided by 733.
341
What is the remainder when 5145 is divided by 249?
165
Calculate the remainder when 1119 is divided by 505.
109
What is the remainder when 722278 is divided by 24?
22
Calculate the remainder when 20815 is divided by 5202.
7
Calculate the remainder when 4648 is divided by 4613.
35
Calculate the remainder when 116965 is divided by 1205.
80
Calculate the remainder when 27410 is divided by 5475.
35
Calculate the remainder when 7294 is divided by 191.
36
What is the remainder when 20237 is divided by 368?
365
What is the remainder when 102671 is divided by 28?
23
What is the remainder when 8879 is divided by 10?
9
Calculate the remainder when 36906 is divided by 2049.
24
Calculate the remainder when 19239 is divided by 1374.
3
What is the remainder when 366344 is divided by 431?
425
Calculate the remainder when 63495 is divided by 21163.
6
What is the remainder when 11127 is divided by 3681?
84
What is the remainder when 3339 is divided by 52?
11
What is the remainder when 4684 is divided by 130?
4
What is the remainder when 55473 is divided by 328?
41
What is the remainder when 1149038 is divided by 212?
210
Calculate the remainder when 4653 is divided by 2322.
9
Calculate the remainder when 1989 is divided by 447.
201
Calculate the remainder when 1345 is divided by 112.
1
Calculate the remainder when 14834 is divided by 163.
1
What is the remainder when 499 is divided by 496?
3
Calculate the remainder when 21653 is divided by 1357.
1298
What is the remainder when 26764 is divided by 377?
374
What is the remainder when 6304 is divided by 396?
364
Calculate the remainder when 1310 is divided by 190.
170
Calculate the remainder when 4807 is divided by 161.
138
What is the remainder when 10731085 is divided by 1691?
1690
Calculate the remainder when 2043634 is divided by 2545.
2544
Calculate the remainder when 4475 is divided by 557.
19
Calculate the remainder when 1861709 is divided by 203.
199
Calculate the remainder when 8390 is divided by 10.
0
What is the remainder when 55262 is divided by 183?
179
What is the remainder when 62585 is divided by 20859?
8
Calculate the remainder when 5772 is divided by 2883.
6
What is the remainder when 11844 is divided by 90?
54
What is the remainder when 17247 is divided by 1231?
13
What is the remainder when 1897 is divided by 820?
257
Calculate the remainder when 15637 is divided by 1417.
50
What is the remainder when 603837 is divided by 480?
477
Calculate the remainder when 51045 is divided by 343.
281
Calculate the remainder when 718 is divided by 206.
100
Calculate the remainder when 3041 is divided by 151.
21
Calculate the remainder when 15886 is divided by 3154.
116
Calculate the remainder when 7739 is divided by 179.
42
What is the remainder when 6463 is divided by 202?
201
What is the remainder when 9902 is divided by 59?
49
Calculate the remainder when 110598 is divided by 78.
72
What is the remainder when 62354 is divided by 119?
117
Calculate the remainder when 56063 is divided by 11212.
3
What is the remainder when 1086043 is divided by 54?
49
Calculate the remainder when 59308 is divided by 47.
41
Calculate the remainder when 27057 is divided by 3865.
2
Calculate the remainder when 91000 is divided by 18199.
5
What is the remainder when 4616 is divided by 4517?
99
Calculate the remainder when 140364 is divided by 124.
120
Calculate the remainder when 11859 is divided by 77.
1
Calculate the remainder when 436738 is divided by 126.
22
What is the remainder when 356641 is divided by 946?
945
What is the remainder when 406350 is divided by 57?
54
What is the remainder when 52123 is divided by 410?
53
What is the remainder when 1949 is divided by 559?
272
What is the remainder when 639629 is div